of o(10).
2, 7, 103
Suppose -2*y + 20 = 2*y. Let q(l) = l**2 - 15 + y*l**2 - 7*l**2 - 31*l. What are the prime factors of q(-20)?
5, 41
Suppose -3*q + 3*h = q - 482, 2*h = -3*q + 370. Suppose 4*o - 9*p = -12*p - 348, -442 = 5*o + 2*p. Let z = o + q. List the prime factors of z.
2
Suppose -71*w + 597578 = 75*w. What are the prime factors of w?
4093
Suppose 2*d + 6 = -2*w, 0 = -4*w - w - 3*d - 7. Suppose 0 = -9*q + 28 - w. Suppose 5*j - 381 = -4*u, -4*j + 2*u = -q*j - 65. What are the prime factors of j?
73
Let y be (-5 - -6)*(-11)/(-1). Suppose 5*u + 980 = y*m - 7*m, -u = m - 245. What are the prime factors of m?
5, 7
Let n(f) = -232*f + 10530. What are the prime factors of n(14)?
2, 11, 331
Suppose 5*b = c + 2214, -5*c = 4*b - 928 - 820. Suppose -6*z + b = -674. List the prime factors of z.
2, 3, 31
Suppose -2*b = -f + 5, -4*b + 3*f - 10 + 3 = 0. Let c(s) = -62*s + 35. List the prime factors of c(b).
283
Suppose -5*m + 4*m = 19*p - 42713, 2*m = -3*p + 6746. What are the prime factors of p?
2, 281
Let s be ((-1)/3 - -1)*6. Suppose -3*x - 5 = -8*x + o, 0 = 5*x - s*o + 10. Suppose -x*v - 2*v = 2*t - 204, 2*t = 5*v - 237. What are the prime factors of v?
7
Let a be (-32 - -27)/((-2)/(-576)*2). Let h = a - -1198. What are the prime factors of h?
2, 239
Suppose 3*j - 12*j + 186447 = 10*j. List the prime factors of j.
3, 3271
Suppose -24*z - 22123 = 22349. Let r = -200 - z. What are the prime factors of r?
3, 19, 29
What are the prime factors of (-4)/5*2237880/(-816)?
2, 1097
Suppose 0 = 4*s - 3*s + 4*y + 6, -4*s + 6 = y. Suppose 0 = -4*w + s*w + 10. Let c(b) = -b**2 + b + 22. What are the prime factors of c(w)?
2
Let w(u) = -10*u - 27. Let j be w(-6). Suppose -y - j = 10*y. What are the prime factors of (-1 - 3/(-6))*(-1 + y)?
2
Let d(r) = -r**2 + 3*r + 2. Suppose -8*n + 53 = -19. Let u be d(n). Let v = u + 81. List the prime factors of v.
29
Let p(s) = 2*s**2 + 61*s + 4586. List the prime factors of p(-91).
3, 1733
Suppose 3*r - 9 = -4*w, 0 = -r - r - 2. Suppose j + w*j = -5*b + 248, -b + 40 = -4*j. What are the prime factors of b?
2, 3
Let f = 182 + -168. What are the prime factors of (f - 17)/(3/(-250))?
2, 5
Suppose -64429 = -4*c + 117751. What are the prime factors of c?
5, 9109
Let u = -24 - -1478. Let v = u - 948. List the prime factors of v.
2, 11, 23
Let b(y) = 156*y**2 + 30*y + 21. What are the prime factors of b(6)?
3, 7, 277
Let h(n) = -9*n**3 - 6*n**2 - n + 14. What are the prime factors of h(-6)?
2, 19, 23
Let p(w) be the third derivative of -8*w**4/3 - 10*w**3/3 + 32*w**2. What are the prime factors of p(-8)?
2, 3, 41
Suppose -28*g = -27*g - 2. Suppose -3*j + 2 = -2*u, -4*j - 7*u = -g*u - 18. Suppose w - 132 = -j*w. List the prime factors of w.
2, 11
Suppose -5*x - 535 = -3*m, 2*m - 14*x + 9*x = 355. Suppose 2763 = 7*i + m. List the prime factors of i.
3, 41
Let i = -8 - -13. Suppose -3*q - t - 5 = -24, 5*q + i*t = 45. Suppose -n - 157 = -q*x + 176, -4*x - n = -261. List the prime factors of x.
2, 3, 11
Let k = -7938 - -13170. List the prime factors of k.
2, 3, 109
Let d = -43 - -45. Suppose -4*f - 152 = -d*s, -3*s + 2*s + 71 = -f. Let p = 7 + s. List the prime factors of p.
73
Suppose -7 + 3 = -2*k. Suppose 2*p - 5*g - 552 - 697 = 0, -k*p - 4*g + 1222 = 0. Suppose -8*m = -p - 119. List the prime factors of m.
2, 23
Let u = 1159 + 3636. List the prime factors of u.
5, 7, 137
Suppose -2735286 + 9675602 = 164*q. What are the prime factors of q?
101, 419
Let q(c) = -c**3 - 7*c**2 - 5*c + 23. Let i be q(-7). Suppose 59*p - i*p - 3 = 0. Suppose -p*v + 8*v = 585. List the prime factors of v.
3, 13
Let h(n) = 14*n - 3 + 11 + 13*n**2 + 12*n**3 - 11*n**3. Let r be h(-11). Suppose 2*f - r = -8*i + 6*i, -f = -i + 48. List the prime factors of i.
2, 3
Let g = -78 - -80. Let c be (-21495)/(-45) + g/6. Suppose -3*n + c = 25. What are the prime factors of n?
151
Let g(c) = 324*c**2 + 7*c + 12. Let a be g(-2). Let l = a - 558. What are the prime factors of l?
2, 23
Let b(c) = -152*c - 112. Let m be b(8). Let j = 1982 + m. List the prime factors of j.
2, 3, 109
Suppose 0 = 4*w - 12, -3*v + 17194 = w - 13805. List the prime factors of v.
2, 3, 7, 41
Let d = 21302 - 12465. What are the prime factors of d?
8837
Let k = -14715 - -28272. What are the prime factors of k?
3, 4519
Let m = 16613 + -9893. What are the prime factors of m?
2, 3, 5, 7
Let h = 12334 + -10556. What are the prime factors of h?
2, 7, 127
Suppose -3*b - 4*m + 20656 = 0, 17*b - 14*b + 5*m - 20657 = 0. List the prime factors of b.
2, 1721
Let k = 343 + -210. Suppose -3 = 2*f - p - k, p + 65 = f. Suppose -2*a = -6*a - b + f, 3*a + 5*b = 53. What are the prime factors of a?
2
Let v be (-257916)/(-28) + 26/(-91). Suppose -9*q = -v - 410. What are the prime factors of q?
1069
List the prime factors of (1280/48)/((-7)/(-1407)).
2, 5, 67
Let i = -41 - -46. Let m be 1/i + 17/(425/570). Suppose -27*k + 192 = -m*k. What are the prime factors of k?
2, 3
Suppose 112*s = 82*s + 43710. Suppose -t + 3*f = -s, 9*f = -t + 8*f + 1457. List the prime factors of t.
31, 47
Let q(l) = 700*l**3 - l**2 + 1. Let s be q(1). Suppose -2252 = -c - s. What are the prime factors of c?
2, 97
Let k = -50388 + 76532. What are the prime factors of k?
2, 19, 43
Let h be 21/(-6) + 3 - 34/(-4). Let v = -13 + 18. Suppose -k = -h + v. What are the prime factors of k?
3
Let w(r) be the second derivative of -r**3/2 - 5*r**2 - 41*r. Let n be w(-12). Suppose -24*j = -n*j + 548. What are the prime factors of j?
2, 137
Let a = 51 + -52. Let u(o) = 12*o**2 - 3*o - 3. Let d be u(a). Suppose l - 1 = -r + 168, -4*l + d = 0. What are the prime factors of r?
2, 83
Suppose -70 + 64 = -i. Let x(d) = 113*d - 151. What are the prime factors of x(i)?
17, 31
Let h = -155 - -156. Let s = 435 + h. List the prime factors of s.
2, 109
Suppose 2057705 = -5*w + 39*w + 31*w. List the prime factors of w.
31657
Let n = 40057 - -3646. What are the prime factors of n?
11, 29, 137
Suppose -4 = -2*n + 4*n. Let k be (-28 - 1) + (n - -2)/(-3). What are the prime factors of 31 + k - ((-1 - -2) + -46)?
47
Suppose 0 = -13*a - 16*a + 232. Suppose 1416 = a*z + 56. What are the prime factors of z?
2, 5, 17
Let k(h) = 6*h**3 - 5*h - 2. Let q(j) = -2*j**3 + j**2 + j. Let s(f) = k(f) + 4*q(f). List the prime factors of s(-5).
353
Suppose -107 = -5*q - 4*y, -8 = -2*y - 12. Let g = q - -51. List the prime factors of g.
2, 37
Suppose -54*s + 16*s + 102752 = 0. List the prime factors of s.
2, 13
Let f(a) = a**3 + 7*a**2 + 12*a + 14. Let x be f(-5). Suppose 0 = 3*i + 8*c - 3*c - 406, x*i - 522 = 3*c. List the prime factors of i.
2, 3, 11
List the prime factors of (-39714)/(-5)*2/4 - (-309)/515.
2, 3, 331
Let y(m) = -m**3 + 3*m**2 + 3*m - 2. Let j be y(3). Suppose -j*l + 1484 = -4*l - 2*u, l - 491 = -3*u. List the prime factors of l.
2, 13, 19
What are the prime factors of (-1400)/84*1/((-2)/732)?
2, 5, 61
Let y = 103 + -484. Let i = y + 1035. List the prime factors of i.
2, 3, 109
What are the prime factors of ((-186948)/(-577))/(4/402)?
2, 3, 67
Let t(i) = 53*i**2 + 9*i. Let j be 6/8 + 51/12. Let k(z) = -80*z**2 - 14*z. Let s(m) = j*k(m) + 8*t(m). What are the prime factors of s(1)?
2, 13
Let f(b) = -96*b + 39. Let m be -1 + (-1 - 1)/(-2 + 3). List the prime factors of f(m).
3, 109
Suppose 0 = 36*n - 41*n + d + 75, 5*n + d - 75 = 0. Suppose 0 = 7*g - n*g + 1800. List the prime factors of g.
3, 5
Let n(j) = j**3 - 84*j**2 + 66*j + 141. What are the prime factors of n(85)?
2, 811
Let h = -3 - -9. Suppose 31*p - 1 = -37 - 119. List the prime factors of 224 + h/(-30)*p.
3, 5
Let o(i) = 7*i**3 - 3*i**2 - i - 1. Let v be o(2). Suppose -4*w + 297 = v. List the prime factors of w.
2
Suppose -5*p - 5*w = 340, -2*p + 4*p + 4*w = -144. What are the prime factors of (p/40)/(((-16)/1250)/4)?
2, 5
Suppose 0 = 4*u + u - 40. Suppose -26*r = -u*r - 16488. What are the prime factors of r?
2, 229
Let z be (3/2)/(1250/1220 + -1). Suppose -k + z = -61. List the prime factors of k.
2, 61
Let v = 42238 + 6158. List the prime factors of v.
2, 3, 37, 109
Suppose -3*q = z - 39411, -421*z = 4*q - 420*z - 52550. What are the prime factors of q?
7, 1877
Let x = -529 - -965. Let c = x + -390. List the prime factors of c.
2, 23
Let m = -20 - -20. Suppose m = -q - b + 5 - 6, -22 = -2*q + 4*b. Supp